emainder when m is divided by b?
61
Let d be (1/2)/(75/1650). What is the remainder when 166 is divided by 9 + 2 + (13 - d)?
10
Let p be (-10)/(-3)*(-15)/(-25). What is the remainder when 8 is divided by (-1232)/(-264) + p/3*-1?
0
Let o = 12464 + -10814. Calculate the remainder when o is divided by 331.
326
Suppose 0 = -22*x + 35*x - 4797. What is the remainder when x is divided by 54?
45
Suppose 27*c = -33*c - 36*c + 5568. What is the remainder when 300 is divided by c?
10
Suppose -2*u = 35*h - 31*h - 24, -3*u + 15 = 3*h. What is the remainder when (-4)/(-1)*(0 + 5) is divided by h?
6
Let x(u) = 38*u**2 - 54*u + 202. What is the remainder when x(14) is divided by 12?
6
What is the remainder when (24 - -981)*(-4)/(-20) is divided by 32?
9
Let f(a) = 23*a**2 + a. Let r be f(-2). Let m be 2/16 + r/48. Suppose -2*b + 27 = 5*c - 36, -c = -m*b - 15. Calculate the remainder when 62 is divided by c.
10
Let p = 5973 - 5805. What is the remainder when p is divided by 82?
4
Let g(o) = 61*o**2 - 6*o - 12. What is the remainder when g(-2) is divided by 244?
0
Let s(d) = 23*d**2 - 3*d - 4. Let h be s(3). Let g(k) = k**3 + 5*k**2 + 15*k - 7. Let u be g(-3). Calculate the remainder when h/7 - u/119 is divided by 11.
6
Suppose -4*z = -4*d - 168, 3*d = 5*z - 0*d - 212. Suppose -60*l = -q - 62*l + 113, -2*l = 3*q - 359. Calculate the remainder when q is divided by z.
37
Suppose 2*r - 3*d = 35, -d - 58 = -4*r + d. Let n = 17 - r. Let q(v) = 4*v**3 - 3*v**2 - 3*v + 2. What is the remainder when q(n) is divided by 50?
48
Let g(i) = 71*i**2 - 77*i - 307. Calculate the remainder when g(-22) is divided by 109.
108
Let f = 417 - 418. Calculate the remainder when f - (1 + 3 - 10) is divided by 3.
2
Suppose 0 = 5*a - 2*n + 75, -2*a + 2*n - 49 = a. What is the remainder when (-27)/(3 - (-7)/(-2)) is divided by 11 + a + -2*93/(-6)?
25
Let g = 14227 - 14151. What is the remainder when 1910 is divided by g?
10
Let h = -3329 + 3350. Calculate the remainder when 2349 is divided by h.
18
Let j(b) = 33*b**2 - 14*b + 15. Let q be j(3). What is the remainder when 173 is divided by (q/24)/9*28?
33
Calculate the remainder when 4084 is divided by 4560/(-120)*5/(-2).
94
Suppose 0 = -5*w - 3*m + 14, m = -w - m. Let t(o) = -6*o - 266. Let j be t(0). What is the remainder when j/(-57) - 2/(-6) is divided by w?
1
Let h = 17007 - 15637. What is the remainder when h is divided by 683?
4
Let j(z) = -z - 5. Let x be j(3). Let l be (-4)/(-6) - x/6. Suppose 3*o + 3*m = 15, -2*o + o + l*m = -20. Calculate the remainder when o is divided by 7.
3
Let w(u) = -37*u**2 - 1. Let a be w(1). Let o = a - -46. Calculate the remainder when 61 is divided by o.
5
Let c = 13 - -36. What is the remainder when (72/(-5))/(22/1320*-9) is divided by c?
47
Calculate the remainder when 164 is divided by (33/9 - 2)/(510/34884).
50
Calculate the remainder when 745 + (-64)/480 + 64/30 is divided by 124.
3
Let w = -698 - -788. Let a = 61 + -34. What is the remainder when w is divided by a?
9
Let c be 1*(70/1)/5. Let g(y) = 0 - 41 + c*y + 8*y. Calculate the remainder when g(4) is divided by 19.
9
Suppose 95*i = 99*i - 20. Suppose i*m + 2*y = 29, -3*m - 6*y + 6 = -y. What is the remainder when m is divided by 2?
1
Suppose 15*p - g = 12*p + 3, 0 = g + 3. Suppose -2*d = -4*j - 0 - 4, p = -d + j + 4. Calculate the remainder when 74 is divided by d.
2
Suppose 2*w - 510 = -4*o + 240, -o + 186 = -w. What is the remainder when 511 is divided by o?
137
Let c be 7*(3 - 1)*741/(-26). Let m = 437 + c. What is the remainder when 220 is divided by m?
30
Suppose 0*w - 869 = w. Let k = w + 874. What is the remainder when 19 is divided by k?
4
Suppose 2*p - 15 = -2*l + 193, 3*l + 6 = 0. Calculate the remainder when 7413 is divided by p.
99
Suppose 2*s + 0*s - 20 = 0. Let g be 18*(12/30)/(6/5). Suppose -g*m + 242 = -160. Calculate the remainder when m is divided by s.
7
Let y be 16/(-12) - 2254/(-21). Suppose -h + 11 = -0*h. What is the remainder when h is divided by y/53 - 4/(-2)?
3
Suppose -24 = -0*u - 2*u - 4*j, 30 = 3*u + 4*j. Let z(n) = 17*n - 15. Suppose -7*q - 22 = -9*q. What is the remainder when z(u) is divided by q?
10
Let o be (-67)/1 - (1 - -2). Let l = o - -133. Calculate the remainder when l is divided by (-832)/(-64) + (-3 - -1).
8
Let o be 4 - (-113 - -4 - 6). Calculate the remainder when 99 is divided by (16/4 - 3)/(7/o).
14
Let g = -24 + 95. Let k = -68 + g. Calculate the remainder when 35 is divided by k.
2
Let z(o) = -25*o + 52. What is the remainder when 3563 is divided by z(1)?
26
Let v(p) = 2*p - 68. Let j be v(33). What is the remainder when 44 is divided by j/6 + (-5)/(75/(-230))?
14
Suppose 160 = 3*z + 40. Let g = 218 + -221. What is the remainder when ((0 - g) + 154)/1 is divided by z?
37
Suppose -67*w - 100*w + 103800 + 136179 = 0. Calculate the remainder when w is divided by 84.
9
Let o = 64 - 58. Suppose 2*i + o = 0, -3*l - 24 = 2*i + 111. Let u = l - -68. Calculate the remainder when u is divided by 13.
12
Let i be -2 + 4 + (-2)/(-1). Let p = -4469 + 4513. Suppose 20 - i = 2*u + 2*g, 0 = 5*u + 3*g - p. Calculate the remainder when 24 is divided by u.
4
Let i(o) = o**3 - 7*o**2 - 29*o + 42. Calculate the remainder when 9618 is divided by i(10).
50
Suppose 45 = 3*g - 45. Let v = 1122 + -1116. Suppose 4*t - v*p + 4*p = 238, -3*t - 3*p = -165. Calculate the remainder when t is divided by g.
28
Let u(b) = 4*b**2 + 17*b - 1233. What is the remainder when u(21) is divided by 58?
18
Calculate the remainder when 623 is divided by (-5)/(5/42)*(-6)/7.
11
Suppose 0 = -9*f + 8*f - 2*w + 1941, -7*f + 13574 = w. Calculate the remainder when f is divided by 268.
63
Suppose 2*y - 148 = 32. Let x = -3 + y. Calculate the remainder when x is divided by 46.
41
Let n = 213 - 214. What is the remainder when 39 is divided by 6*n*15/(-18)?
4
What is the remainder when 237 + 7 - (-15 - -28) is divided by 44?
11
Suppose -3*w + 600 = -5*f, 2649*w = 2654*w - 5*f - 1000. Calculate the remainder when 10196 is divided by w.
196
Suppose -19*j + 108 = -10*j. Calculate the remainder when ((-1482)/(-52))/((-2)/(-4)) is divided by j.
9
Let d = 63 + -57. Suppose d*o - 340 - 392 = 0. Calculate the remainder when o is divided by 25.
22
Suppose -t = 4*z - 17 + 1, 4 = 3*t + z. Suppose k - 25 = 24*l - 29*l, 5 = l. Suppose 4*w + k*w - 64 = t. What is the remainder when w is divided by 9?
7
Let y = -59 - -226. Suppose 100 = 3*r - 2*s, 143*s - 141*s = 4*r - 124. What is the remainder when y is divided by r?
23
Let d(x) = x**3 + 11*x**2 - 26*x - 123. Let s be d(-13). Let z = 143 + s. Calculate the remainder when z is divided by 17.
3
Suppose -31783 = -233*g + 94503. Calculate the remainder when 1664 is divided by g.
38
Suppose -s - 33 = 2*c, c + 16 = -3*s - 68. Let o = -23 - s. What is the remainder when 93 is divided by o?
1
Suppose 5*j = n + 5300, -2*j - 5*n + 9*n + 2102 = 0. Calculate the remainder when j is divided by 9.
8
Let r(t) = -2*t**3 - 2*t**2 - 3*t - 4. Let n be (-3 + (-30)/(-9))/(2/(-18)). What is the remainder when r(n) is divided by 12?
5
Let o = 83 + -50. Let c be (-33)/9 + (-11)/o. Calculate the remainder when 33 is divided by c/((-20)/(-3))*-10.
3
Let i = 233 - 349. Let u = i - -136. Calculate the remainder when 38 is divided by u.
18
Let f(b) = b**3 + 6*b**2 + 6*b - 2. Let s be f(-4). What is the remainder when 23 is divided by 3/s*26/1?
10
Suppose 537*r = 536*r + 20. Suppose -5*h + 17 + 3 = 0. Suppose -4 = -4*c - 0, -h*x - 5*c + 157 = 0. Calculate the remainder when x is divided by r.
18
Suppose -49*l = 38*l - 6560 - 2575. Calculate the remainder when 276 is divided by l.
66
Let m be (-6)/10 + (-414)/(-15) + -3. Suppose 7*l - m = -l. Suppose -l*y + 441 = -75. What is the remainder when y is divided by 35?
32
Calculate the remainder when 86 is divided by ((-314)/6)/(0 + -2) - 10/(-12).
5
Let f(m) = m**3 - 3*m**2 + 11*m + 19. Let h be f(7). Let b = 352 - h. Calculate the remainder when b is divided by 42/(-4)*(-4)/2.
18
Let u(v) = 41*v**2 + 126*v - 65. Calculate the remainder when u(-5) is divided by 114.
102
Suppose s + 60 = 3*s + 5*y, -2*s + 3*y = -76. Let f be 2994 - (5 - 1*(1 - -2)). Suppose -31*u + f = 13*u. Calculate the remainder when u is divided by s.
33
Let b(s) = -8*s**2 + 429*s + 18. Calculate the remainder when b(28) 